d 9792.
576
What is the greatest common factor of 2116353970 and 1955?
1955
Calculate the greatest common divisor of 1192 and 143804072.
1192
What is the highest common divisor of 333172672 and 448?
448
Calculate the highest common factor of 17175 and 143025.
75
What is the greatest common factor of 341112465 and 30?
15
Calculate the greatest common divisor of 678233087 and 49.
7
Calculate the greatest common factor of 1344 and 189075264.
1344
Calculate the greatest common divisor of 21 and 21667233.
21
What is the highest common factor of 14848 and 5369176?
232
What is the highest common factor of 39 and 85293?
39
Calculate the greatest common divisor of 20796365 and 5.
5
Calculate the greatest common divisor of 275908 and 42596.
92
What is the greatest common factor of 884117900 and 100?
100
Calculate the greatest common divisor of 11 and 12136245.
11
Calculate the greatest common factor of 8239 and 47663.
77
Calculate the greatest common divisor of 1350915 and 5835.
15
What is the greatest common factor of 8348813 and 4303?
331
What is the highest common factor of 37246782 and 1626?
1626
Calculate the greatest common factor of 65 and 57431621.
13
What is the highest common factor of 837 and 21491401?
31
Calculate the highest common divisor of 17616 and 4083609.
1101
Calculate the highest common factor of 2764 and 2022.
2
What is the greatest common factor of 10 and 356308480?
10
What is the highest common divisor of 26724476 and 34?
34
What is the greatest common divisor of 372 and 1307364?
12
Calculate the greatest common divisor of 25658045 and 62335.
4795
Calculate the highest common factor of 84329273 and 98.
7
What is the greatest common factor of 12089247 and 159?
159
Calculate the greatest common divisor of 7132828 and 228.
76
What is the highest common divisor of 45552812 and 3396?
1132
What is the highest common divisor of 8050 and 4989850?
1150
What is the highest common divisor of 201386358 and 4965?
993
What is the highest common divisor of 1779911 and 1615439?
623
Calculate the greatest common divisor of 400928 and 190553.
187
What is the highest common factor of 63276408 and 6552?
936
Calculate the highest common divisor of 100303412 and 418.
22
What is the greatest common divisor of 114 and 103107946?
38
Calculate the greatest common factor of 19883568 and 48.
48
What is the greatest common divisor of 31350210 and 6630?
510
What is the highest common divisor of 552416564 and 2128?
532
What is the greatest common divisor of 152082792 and 144?
72
What is the highest common divisor of 187684 and 9464?
28
What is the greatest common divisor of 4011 and 238119?
21
Calculate the highest common divisor of 141428 and 7532.
28
What is the greatest common factor of 2408928 and 936?
24
Calculate the greatest common factor of 5311890 and 630.
90
What is the highest common factor of 8837 and 841?
1
What is the highest common factor of 6582 and 357004389?
3291
Calculate the highest common divisor of 1246090 and 13061.
353
What is the greatest common divisor of 328 and 3649?
41
What is the greatest common divisor of 574 and 43614529?
287
What is the greatest common divisor of 53262317 and 11847?
359
Calculate the highest common divisor of 11 and 23123829.
1
Calculate the highest common divisor of 20189136 and 13200.
528
What is the highest common factor of 31 and 50455073?
31
Calculate the greatest common factor of 198860 and 14335.
305
What is the greatest common factor of 64 and 903272992?
32
What is the highest common divisor of 53537635 and 6866?
3433
What is the greatest common factor of 84824268 and 12354?
426
Calculate the highest common divisor of 59250910 and 16880.
2110
What is the highest common divisor of 125 and 1273325?
25
Calculate the greatest common divisor of 32165 and 12600.
35
What is the greatest common factor of 11013314 and 1105?
221
What is the greatest common factor of 6485040 and 11556?
36
What is the greatest common factor of 186276 and 3163596?
516
What is the greatest common factor of 29159865 and 1890?
945
What is the greatest common divisor of 119435775 and 26700?
6675
Calculate the highest common divisor of 221 and 67093577.
17
What is the greatest common factor of 417 and 13025829?
417
What is the highest common factor of 2232 and 117817794?
558
What is the highest common factor of 259550 and 450?
50
Calculate the greatest common factor of 70 and 356860280.
70
Calculate the highest common factor of 12848040 and 212265.
4005
Calculate the highest common factor of 20518 and 1408.
2
What is the highest common divisor of 1103080 and 495?
55
Calculate the greatest common factor of 324432 and 295056.
432
What is the greatest common factor of 875084 and 140?
28
Calculate the greatest common divisor of 7078869 and 84.
21
Calculate the highest common divisor of 891581 and 245750.
983
Calculate the greatest common divisor of 183 and 27844121.
61
What is the greatest common divisor of 1479425 and 391?
17
What is the greatest common divisor of 165434 and 10498?
362
Calculate the greatest common divisor of 3186 and 91490946.
354
What is the greatest common divisor of 27438 and 143106?
102
What is the highest common factor of 89 and 24752591?
89
What is the highest common divisor of 95992 and 213278?
338
Calculate the greatest common divisor of 670804 and 251116.
268
Calculate the greatest common factor of 96905 and 1180.
5
What is the highest common divisor of 5247910 and 230?
230
Calculate the greatest common factor of 4216 and 1620680.
248
Calculate the greatest common factor of 54445326 and 78.
78
What is the greatest common divisor of 4875 and 32295250?
1625
Calculate the greatest common factor of 70 and 4472678.
14
What is the greatest common divisor of 7573875 and 1011750?
7125
What is the greatest common factor of 193311 and 45261?
423
Calculate the greatest common divisor of 872250565 and 310.
155
What is the highest common factor of 1767 and 209917244?
589
What is the highest common factor of 1414286 and 14?
2
Calculate the greatest common divisor of 4040474 and 518.
74
Calculate the greatest common factor of 671166 and 40662.
162
Calculate the greatest common divisor of 69433 and 92183.
91
Calculate the greatest common factor of 42 and 6141132.
6
Calculate the greatest common divisor of 9147438 and 27.
27
Calculate the greatest common divisor of 165 and 21665160.
165
Calculate the highest common factor of 592977 and 18711.
231
Calculate the greatest common factor of 20 and 39877370.
10
Calculate the greatest common factor of 25817 and 107185143.
2347
Calculate the greatest common divisor of 23505825 and 19425.
525
What is the highest common divisor of 480113 and 47?
1
Calculate the greatest common factor of 13770 and 223240.
10
Calculate the greatest common factor of 637538 and 7898.
22
What is the highest common divisor of 185 and 1086173147?
37
What is the greatest common factor of 9782052 and 207858?
4242
What is the highest common factor of 2632 and 967166?
94
What is the highest common factor of 268356 and 55803?
627
What is the highest common divisor of 6148575 and 450?
225
Calculate the greatest common factor of 1878348 and 24.
12
What is the highest common factor of 36 and 59610492?
36
Calculate the highest common factor of 25240296 and 1272.
1272
Calculate the greatest common divisor of 154 and 14828212.
14
What is the highest common divisor of 148383851 and 7?
7
Calculate the highest common factor of 5863608 and 252.
36
What is the greatest common divisor of 342977 and 3582978?
1741
What is the highest common divisor of 33557 and 39675?
23
What is the greatest common divisor of 10 and 228561290?
10
Calculate the greatest common factor of 150680 and 240680.
40
What is the highest common factor of 27606879 and 97?
97
Calculate the greatest common factor of 51858 and 1342890.
774
What is the highest common factor of 15752577 and 608?
19
Calculate the highest common factor of 4970 and 42742.
994
What is the greatest common factor of 1493496 and 324?
36
Calculate the greatest common divisor of 264 and 10407947.
11
Calculate the highest common divisor of 738 and 1422782.
82
What is the highest common factor of 256208 and 3560144?
3824
Calculate the highest common factor of 255094 and 119875.
959
What i